368014?
False
Is 7239 a factor of 1453498790?
False
Does 14 divide 304896438?
True
Does 8 divide 18415589?
False
Is 10 a factor of 397532230?
True
Is 895 a factor of 530671905?
False
Is 38 a factor of 365031838?
True
Is 85301748 a multiple of 4?
True
Does 1044 divide 235080612?
True
Is 625344203 a multiple of 15?
False
Is 237 a factor of 19020909?
True
Is 142467654 a multiple of 1239?
True
Is 220 a factor of 1575560046?
False
Is 108089472 a multiple of 47?
True
Is 835 a factor of 42507345?
True
Is 37561401 a multiple of 81?
True
Does 63 divide 10419885?
True
Is 12 a factor of 18588881?
False
Is 3742597760 a multiple of 22?
True
Is 99 a factor of 101984102?
False
Does 2953 divide 89558584?
True
Is 13 a factor of 20800715?
True
Does 348 divide 69242603?
False
Does 26 divide 13505804?
True
Is 9 a factor of 59786691?
False
Is 53 a factor of 11018647?
True
Is 1646988224 a multiple of 14?
True
Is 867 a factor of 65553003?
True
Is 37 a factor of 210054046?
False
Does 14 divide 223271790?
True
Does 2003 divide 1187418683?
False
Is 112637903 a multiple of 2864?
False
Is 3792 a factor of 273132963?
False
Does 33 divide 74393381?
False
Does 9 divide 395147034?
True
Is 19 a factor of 218440435?
True
Is 70362857 a multiple of 298?
False
Does 129 divide 160573112?
False
Is 2972486972 a multiple of 5026?
True
Is 159 a factor of 84336439?
False
Is 385703936 a multiple of 128?
True
Does 1739 divide 1560888142?
True
Is 533139105 a multiple of 5883?
False
Does 480 divide 10474080?
True
Is 14648252 a multiple of 2633?
False
Does 1495 divide 154931335?
True
Is 179 a factor of 7534826?
True
Is 8 a factor of 371045319?
False
Is 1655655 a multiple of 3?
True
Is 138 a factor of 475364097?
False
Is 867 a factor of 27403391?
False
Is 68 a factor of 2712018?
False
Is 9 a factor of 453692199?
False
Is 839095132 a multiple of 890?
False
Is 26 a factor of 780078?
True
Does 19 divide 208806307?
False
Does 95 divide 319724590?
True
Does 451 divide 8874867?
False
Is 265 a factor of 344570225?
True
Is 287666578 a multiple of 12?
False
Is 927331776 a multiple of 28?
True
Is 13 a factor of 10162412?
True
Does 957 divide 1414134301?
False
Does 14 divide 1532227368?
True
Is 57683339 a multiple of 39?
False
Is 587 a factor of 50339359?
True
Is 106312042 a multiple of 674?
True
Does 10 divide 835741320?
True
Does 2 divide 10550887?
False
Is 31010626 a multiple of 2099?
True
Does 65 divide 188045325?
True
Is 321762269 a multiple of 324?
False
Is 341 a factor of 57381595?
False
Is 2 a factor of 63401301?
False
Is 19460930 a multiple of 172?
False
Does 287 divide 176893024?
True
Is 62958944 a multiple of 328?
True
Is 96 a factor of 152874813?
False
Is 39617029 a multiple of 11?
False
Is 27 a factor of 1554457375?
False
Does 20 divide 300327866?
False
Does 10 divide 124855510?
True
Is 119 a factor of 209744486?
False
Does 55 divide 1039838193?
False
Does 344 divide 78172306?
False
Does 17 divide 29261758?
False
Is 755 a factor of 8404660?
True
Does 22 divide 9218053?
False
Is 8803126 a multiple of 82?
False
Is 671 a factor of 56484206?
False
Is 217 a factor of 215021611?
True
Is 40059998 a multiple of 9?
False
Does 100 divide 452998900?
True
Does 281 divide 350317184?
False
Does 26 divide 180263195?
False
Is 2596 a factor of 758730393?
False
Does 56 divide 30875992?
True
Is 1963 a factor of 1890836693?
False
Is 6 a factor of 113127945?
False
Does 35 divide 50553241?
False
Is 12 a factor of 53601224?
False
Does 8 divide 9337448?
True
Does 27 divide 1495168237?
False
Is 779 a factor of 35716426?
False
Is 3091105875 a multiple of 10747?
True
Is 15366458 a multiple of 2?
True
Is 406814809 a multiple of 1365?
False
Is 32 a factor of 16073811?
False
Is 302 a factor of 43158518?
True
Is 1046987370 a multiple of 230?
True
Is 338545424 a multiple of 127?
True
Is 682 a factor of 109864062?
True
Does 78 divide 55423368?
True
Is 3637 a factor of 353232714?
True
Does 687 divide 390076589?
False
Does 61 divide 6990600?
True
Does 12 divide 42884796?
True
Is 3 a factor of 14891240?
False
Is 13201083 a multiple of 316?
False
Is 6 a factor of 287094600?
True
Does 6953 divide 1326548964?
True
Does 109 divide 347662149?
True
Is 201 a factor of 54179838?
False
Is 95 a factor of 1956337552?
False
Is 3047559512 a multiple of 11?
False
Does 1090 divide 587245130?
True
Is 17 a factor of 124157647?
True
Does 2442 divide 33914496?
True
Does 9 divide 131956686?
True
Is 79138449 a multiple of 101?
True
Is 150710300 a multiple of 100?
True
Is 1621 a factor of 12293664?
True
Is 4 a factor of 59453142?
False
Does 7 divide 98311142?
False
Is 48 a factor of 9583776?
True
Is 607 a factor of 22260511?
True
Does 724 divide 181609954?
False
Does 138 divide 15510697?
False
Is 11503084 a multiple of 1063?
False
Does 325 divide 16387800?
True
Does 8 divide 2594350965?
False
Is 85 a factor of 258276882?
False
Is 69062568 a multiple of 5134?
True
Does 2895 divide 5616300?
True
Is 5 a factor of 49335070?
True
Is 14663022 a multiple of 2126?
True
Does 285 divide 373744311?
False
Does 263 divide 1473413531?
False
Is 29 a factor of 3655864961?
True
Does 8 divide 26267980?
False
Is 523697608 a multiple of 1102?
False
Is 101 a factor of 67925732?
True
Is 33643338 a multiple of 57?
True
Does 20 divide 35502520?
True
Is 1986 a factor of 71615160?
True
Is 26 a factor of 23031164?
True
Is 18655837 a multiple of 17?
False
Is 8086752 a multiple of 653?
True
Does 42 divide 87575796?
True
Is 3537802 a multiple of 34?
True
Is 9762101 a multiple of 67?
True
Does 579 divide 328093824?
True
Is 49705715 a multiple of 366?
False
Is 4 a factor of 30404636?
True
Does 20 divide 63293220?
True
Is 144950116 a multiple of 1335?
False
Is 11402420 a multiple of 530?
True
Is 10 a factor of 438836270?
True
Is 34437612 a multiple of 11?
True
Is 590472288 a multiple of 32?
True
Is 3624 a factor of 264069456?
False
Is 331245765 a multiple of 12095?
True
Does 14 divide 3549843?
False
Is 3646784246 a multiple of 37?
False
Does 13 divide 153769955?
False
Does 2898 divide 888868531?
False
Is 104309907 a multiple of 689?
False
Does 520 divide 138078720?
True
Is 11 a factor of 75615344?
False
Is 399229967 a multiple of 2798?
False
Does 529 divide 55519608?
True
Does 18 divide 62178120?
True
Is 2008 a factor of 4019646528?
True
Is 695 a factor of 11256374?
False
Is 167 a factor of 1081669389?
False
Is 304372791 a multiple of 805?
False
Is 152283138 a multiple of 67?
False
Is 176487554 a multiple of 733?
False
Is 96395719 a multiple of 72?
False
Does 12 divide 2748924?
True
Does 7488 divide 2457763776?
True
Does 13 divide 114363119?
True
Is 107 a factor of 664305157?
False
Is 4930211928 a multiple of 3064?
True
Does 291 divide 478928673?
True
Does 16 divide 758635056?
True
Is 28 a factor of 419010984?
True
Is 8055283 a multiple of 467?
True
Does 16 divide 1029360048?
True
Does 13 divide 167645712?
True
Is 3557330345 a multiple of 378?
False
Is 12975864 a multiple of 11?
True
Does 9 divide 7416919?
False
Does 12 divide 77779717?
False
Is 87826530 a multiple of 1308?
False
Is 56050408 a multiple of 1889?
True
Is 93663952 a multiple of 668?
False
Does 4361 divide 3020424239?
True
Is 258211367 a multiple of 15?
False
Is 266 a factor of 105112826?
True
Is 443399022 a multiple of 201?
False
Is 355796392 a multiple of 1316?
True
Does 7018 divide 244408868?
True
Is 1553826290 a multiple of 9858?
False
Does 1027 divide 65737705?
False
Is 327 a factor of 40938111?
True
Is 5250 a factor of 301577061?
False
Is 2 a factor of 701886?
True
Is 11704545 a multiple of 387?
False
Is 1885 a factor of 707664023?
False
Is 157855458 a multiple of 19?
True
Is 20 a factor of 97066720?
True
Is 2835354783 a multiple of 13?
False
Does 27 divide 1907701686?
True
Does 59 divide 2838984?
False
Is 1130 a factor of 31477280?
True
Is 401422956 a multiple of 874?
True
Does 748 divide 51356932?
True
Is 20443247 a multiple of 11?
True
Is 2 a factor of 28423139?
False
Is 436 a factor of 33815175?
False
Does 364 divide 11037517?
False
Is 22 a factor of 552951664?
False
Is 65856276 a multiple of 18?
True
Does 7 divide 692948908?
False
Does 10446 divide 2758257192?
False
Does 561 divide 11551064?
False
Is 1435694340 a multiple of 1140?
True
Is 1107 a factor of 44555267?
False
Is 20707150 a multiple of 142